110011110
In base 14, what is -5 + -53129?
-53130
In base 6, what is 454 - 152?
302
In base 15, what is 4 - 22cb8?
-22cb4
In base 16, what is -212 + -233?
-445
In base 10, what is -1362 - 31?
-1393
In base 16, what is e - -8e1?
8ef
In base 8, what is 256535 + 2?
256537
In base 14, what is 4 - -cb5b5?
cb5b9
In base 12, what is -1847 - 15?
-1860
In base 4, what is -301121 + 1123?
-233332
In base 4, what is -210123 + 231?
-203232
In base 7, what is 130 - 352?
-222
In base 14, what is 0 - -16bc1?
16bc1
In base 3, what is 22111012111 + -20?
22111012021
In base 4, what is 1203 - 12113?
-10310
In base 11, what is 2 + -51a5?
-51a3
In base 13, what is 120 - -939?
a59
In base 8, what is -2 + -120?
-122
In base 4, what is 13000 + -2333?
10001
In base 9, what is -245 + 11751?
11505
In base 15, what is 9 + -172?
-168
In base 3, what is 10121002100 - 11?
10121002012
In base 9, what is 65 - 7622?
-7546
In base 16, what is 9 + -a3b6?
-a3ad
In base 6, what is 5004251 - 15?
5004232
In base 2, what is 101100111100111011 - 100?
101100111100110111
In base 5, what is -2 + 311243?
311241
In base 13, what is -256325 - 1?
-256326
In base 9, what is -7837802 - -5?
-7837786
In base 12, what is 47451 + 19?
4746a
In base 13, what is 2 - -8c824?
8c826
In base 13, what is 148 + -536?
-3bb
In base 9, what is 42254 + 6?
42261
In base 8, what is 670 - 771?
-101
In base 15, what is -3300d + 0?
-3300d
In base 11, what is -6 + 6a60?
6a55
In base 8, what is -26 + 772?
744
In base 3, what is 1020101 - -102002?
1122110
In base 16, what is -e8bf6 - 2?
-e8bf8
In base 7, what is 3036 + -10212?
-4143
In base 7, what is -1 + 12140?
12136
In base 9, what is 211886 - 11?
211875
In base 4, what is 10 + 2312303?
2312313
In base 10, what is -7356 - -206?
-7150
In base 2, what is -101010100001 + 111001?
-101001101000
In base 12, what is -4 + 5798?
5794
In base 8, what is -5 - -263213?
263206
In base 10, what is 1862054 + -4?
1862050
In base 9, what is 310868 + -2?
310866
In base 15, what is 32 + b40?
b72
In base 16, what is 1e + 1a16?
1a34
In base 12, what is -56b31b + 0?
-56b31b
In base 16, what is 3 - 34409?
-34406
In base 16, what is 2a17d + -3?
2a17a
In base 11, what is 8 + -9a82?
-9a75
In base 10, what is -4 + 2205?
2201
In base 7, what is 3054 - -152?
3236
In base 10, what is 5 + 2016?
2021
In base 14, what is 856 - 25?
831
In base 2, what is -110 - -1001101110110111010?
1001101110110110100
In base 7, what is 54200 - -535?
55035
In base 12, what is -2b042 + -11?
-2b053
In base 11, what is 298 + -10a?
189
In base 11, what is -163519 + 5?
-163514
In base 15, what is -3 + 2dece?
2decb
In base 9, what is 73 - -30237?
30321
In base 13, what is b364 - -5?
b369
In base 16, what is 1 - -6189?
618a
In base 12, what is -17 + -709?
-724
In base 12, what is 5b2 + -a0?
512
In base 5, what is 102140 - 31?
102104
In base 11, what is -1 + -31868?
-31869
In base 7, what is 412 - -1614?
2326
In base 8, what is -1507 + 255?
-1232
In base 11, what is 27 + a30?
a57
In base 16, what is 5 + -34bb3?
-34bae
In base 7, what is -465 + -404?
-1202
In base 10, what is -988941 - 4?
-988945
In base 16, what is 25d79 - -3?
25d7c
In base 9, what is 183574 - -8?
183583
In base 15, what is -62913 + 5?
-6290d
In base 7, what is -524655 - -2?
-524653
In base 8, what is -136762 - -4?
-136756
In base 4, what is 113033 - -1012?
120111
In base 3, what is 12 - -121011100102?
121011100121
In base 15, what is 18 - -499b?
49b4
In base 3, what is -201210211 - -102?
-201210102
In base 15, what is -560a + 4?
-5606
In base 2, what is -111110111111 + 1011100?
-111101100011
In base 7, what is -10 - -20234?
20224
In base 2, what is 11 - -10010010000000101?
10010010000001000
In base 16, what is 8a - f6?
-6c
In base 8, what is -4 + 3157?
3153
In base 13, what is 266a1c - -2?
266a21
In base 14, what is -47 - -274?
22b
In base 6, what is -43 + -2140531?
-2141014
In base 16, what is -2e2 + -77?
-359
In base 8, what is 125 + -3471?
-3344
In base 6, what is -2 + 2244023?
2244021
In base 12, what is -78a38 - -3?
-78a35
In base 16, what is -b87c + a?
-b872
In base 2, what is 100101100100100101 - 10?
100101100100100011
In base 8, what is -412 + -3414?
-4026
In base 2, what is -110110110010011111 + 0?
-110110110010011111
In base 12, what is -3 + -7656?
-7659
In base 3, what is 100221 - 220120?
-112122
In base 9, what is -5 + 2161?
2155
In base 13, what is 2795 - -32?
27c7
In base 12, what is -25b2 + 192?
-2420
In base 9, what is 37 + -7535?
-7487
In base 11, what is -6 - -44000?
43aa5
In base 14, what is 1884 + 274?
1b18
In base 16, what is -694 - 4?
-698
In base 6, what is 1012150 - -11?
1012201
In base 14, what is -1 + -b9a05?
-b9a06
In base 16, what is -185eb + -1?
-185ec
In base 5, what is 1101043 + -1201?
1044342
In base 4, what is 30302313 - -203?
30303122
In base 11, what is -14572 + 3?
-1456a
In base 3, what is 2210 - 1012112?
-1002202
In base 6, what is -51 + 1421?
1330
In base 3, what is -2121021111 + -1?
-2121021112
In base 15, what is -e0 - -2078?
1e88
In base 14, what is 5562 - -3?
5565
In base 13, what is 0 - -a760?
a760
In base 4, what is 223110320 - 0?
223110320
In base 13, what is 10bc9 - 3?
10bc6
In base 13, what is 4 + 6c62?
6c66
In base 7, what is 20620 + 11?
20631
In base 15, what is b41 + -16?
b2a
In base 14, what is 44c - 805?
-397
In base 14, what is 9935 - 2?
9933
In base 7, what is 12451 - -2466?
15250
In base 16, what is 3022ef - 1?
3022ee
In base 10, what is -1 + 117507?
117506
In base 9, what is 722644 - 3?
722641
In base 14, what is -77 - -c8?
51
In base 10, what is -102 + -350?
-452
In base 7, what is -3 + 545462?
545456
In base 7, what is 5 - -16316?
16324
In base 8, what is -75762 - 3?
-75765
In base 8, what is 2704 + 236?
3142
In base 11, what is -1157674 - 3?
-1157677
In base 14, what is -28 + daa0?
da76
In base 3, what is 2110220 + 10010?
2121000
In base 7, what is 464416 + 3?
464422
In base 11, what is 0 - -433?
433
In base 11, what is -89 + 10752?
10674
In base 7, what is -3 + -56400?
-56403
In base 16, what is 5c361 + 3?
5c364
In base 7, what is 5 - 405506?
-405501
In base 9, what is 834448 - 5?
834443
In base 9, what is 266 + 3106?
3373
In base 14, what is 15 - -445?
45a
In base 4, what is -210101130121 + 10?
-210101130111
In base 6, what is 513515 - -14?
513533
In base 5, what is -212220 + -24?
-212244
In base 13, what is -21 + 255c?
253b
In base 13, what is 59a + 27?
5c4
In base 9, what is -13 - -11313?
11300
In base 2, what is 11011110100 + -11111101?
10111110111
In base 9, what is 222 + 366?
588
In base 2, what is -101 + 10110100110101000?
10110100110100011
In base 9, what is 411 + -123?
277
In base 16, what is ba - 105?
-4b
In base 7, what is 10 - 13154202?
-13154162
In base 4, what is -1031021 + 20?
-1031001
In base 7, what is 243 + -1244?
-1001
In base 8, what is -26426 - -34?
-26372
In base 10, what is -1785 + 25?
-1760
In base 13, what is 50 - -50c?
55c
In base 12, what is 1 - -14395?
14396
In base 7, what is -2226032 + -3?
-2226035
In base 7, what is -5 + -364334?
-364342
In base 13, what is -1ac49 + -2?
-1ac4b
In base 14, what is 2 - -649d0?
649d2
In base 5, what is 12230043 + -10?
12230033
In base 12, what is 8 - -3b9?
405
In base 9, what is 51786 + -20?
51766
In base 10, what is 1 - -41677?
41678
In base 11, what is 1406 + -132?
1284
In base 7, what is 34005 - 43?
33632
In base 3, what is 102210100002 - -12?
102210100021
In base 3, what is -21 + 2010220221?
2010220200
In base 15, what is a9 + -9bd?
-914
In base 4, what is 220003130 + 10?
220003200
In base 6, what is 440114 - -31?
440145
In base 7, what is 404665 + -25?
404640
In base 12, what is -2 - -789?
787
In base 5, what is 204231 + 0?
204231
In base 16, what is 43102a - -2?
43102c
In base 11, what is -1a554 + -2?
-1a556
In base 11, what is -101 - -1141?
1040
In base 9, what is -4041 - 1618?
-5660
In base 16, what is 8a6c - 2?
8a6a
In base 14, what is -2 + 43a62?
43a60
In base 8, what is 32564 - 10?
32554
In base 15, what is -243 + -109?
-34c
In base 13, what is 17c6 + 4?
17ca
In base 10, what is 4721 - 52?
4669
In base 14, what is 40 + -6561?
-6521
In base 12, what is 8643 + 2a9?
8930
In base 6, what is -1513 + 141?
-1332
In base 12, what is -7 + -625?
-630
In base 13, what is -74c + -20?
-76c
In base 6, what is 40414455 - 5?
40414450
I